4175. What is the units digit of d?
3
Let q be (-320)/(-15)*3/2. Let r = -31 + q. What is the units digit of r?
1
What is the units digit of (-154 - 9)*3*5/(-5)?
9
Suppose 0 = -8*c + 21 - 125. Suppose 0*w = w - 48. Let j = w + c. What is the tens digit of j?
3
What is the units digit of 1 + 3 - (5 - 4 - 6)?
9
Suppose -3*g + 0*g = 3*q + 39, -4*g + 47 = -5*q. Suppose -5*l + 0 = -5. Let j = l - q. What is the tens digit of j?
1
Let c = -1920 + 3465. What is the hundreds digit of c?
5
Let c = -1706 - -3544. What is the hundreds digit of c?
8
Let q be -2 + -1 + 21/3. Suppose y - 7 = 2*i, 0*i + 2*i - q*y = -22. What is the tens digit of (2 + 1 + -22)*i?
1
Let x(g) = -g**2 - 2*g + 62. Let v be x(7). Let m(c) = -23*c - 1. Let i(h) = -92*h - 5. Let r(p) = -2*i(p) + 9*m(p). What is the units digit of r(v)?
4
Suppose 2*h - 4*w - 886 = 0, -5*h + 247*w - 242*w = -2210. What is the units digit of h?
1
Let w be (6/(-9))/((-6)/1737). Suppose 0 = 5*m - 3 + w. Let f = m + 57. What is the tens digit of f?
1
Suppose 0 = -3*h + 4 + 2, -2*v - 4*h + 788 = 0. Suppose 321 = 4*j + 4*o + o, 4*o = -5*j + v. What is the units digit of j?
4
Let s(j) = 3*j - 24. Let w be s(-11). Let d = w - -131. What is the units digit of d?
4
Let b = 8 + 8. Suppose -m = 3*a + 41, -4 = -5*m + 1. Let i = a + b. What is the units digit of i?
2
Suppose -6 = -4*y + 266. Suppose 3148 = 12*d - y. What is the units digit of d?
8
Let a(v) be the third derivative of -5/6*v**3 + 0 - 5/24*v**4 + 1/120*v**6 + 0*v - 2*v**2 - 1/10*v**5. What is the units digit of a(7)?
9
Let a be (-8)/(-40) - (-16)/(-5). Let p be (-29)/a - (-8)/(-12). Let q = 13 + p. What is the tens digit of q?
2
Suppose 608 + 328 = 12*q. What is the units digit of q?
8
What is the hundreds digit of ((-14500)/7)/(-2) + 50/175?
0
Suppose 4*u = 4 - 20. Let c = 676 - 667. Let q = u + c. What is the units digit of q?
5
Let p(q) = 2*q**2 + 10*q + 34. What is the hundreds digit of p(10)?
3
Let f(r) = r**2 + 7*r - 3. Let s be f(-7). Let m(n) = 2*n**2 - 5*n - 5. What is the units digit of m(s)?
8
Suppose 46*m - 38119 = 21543. What is the thousands digit of m?
1
Let f = 2632 - 1544. What is the hundreds digit of f?
0
Let a be (0 + 7)/((-1)/9). Let j be 18/a + (-800)/(-7). Suppose 4*n - j = 26. What is the tens digit of n?
3
Let x = 430 + -38. What is the tens digit of x?
9
Let w(q) = 22*q**2 + 2*q + 15. What is the tens digit of w(3)?
1
Suppose -5*v + 3*a + 13 = 0, 3*v + a - 10 = 5*a. Suppose -k + v*k - 4*h - 209 = 0, 4*k = -3*h + 931. What is the tens digit of k?
2
Let y(p) = 4*p + 8. Let q be y(2). Let c(h) = h**3 - 15*h**2 - 11*h - 10. What is the tens digit of c(q)?
7
Let v(z) = z**2 + 7*z + 3. Suppose c + 0*c = -5. Let p be 4/c*150/12. What is the units digit of v(p)?
3
Let z(c) = -15*c + 14. Let r be z(5). Let h = r - -109. What is the units digit of h?
8
Let c(p) = -p**3 + 11*p**2 + 12*p + 34. What is the units digit of c(9)?
4
Let h(q) = -q**2 - 32*q + 132. What is the units digit of h(0)?
2
Let w(l) = 4*l**3 - 2*l**2 + 1. Let k be w(3). Suppose -2*z - 11 + k = 0. Let p = z - 22. What is the tens digit of p?
1
Suppose -11 - 5 = 2*a + f, 0 = -5*a + 4*f - 66. Let n(l) be the third derivative of -l**4/12 - 4*l**3/3 - 8*l**2 - 7*l. What is the units digit of n(a)?
2
Let o be (-2)/(-3)*14370/20. Let w = -339 + o. What is the tens digit of (w/16)/((-2)/(-8))?
3
Let j(v) = v**3 + 13*v**2 - 28*v + 11. What is the tens digit of j(6)?
2
Suppose 2*x - 7778 = 3*q, -4*x = -7*x - q + 11678. What is the hundreds digit of x?
8
Let h(x) = -19*x**2 + 10*x + 6. Let m(n) = 19*n**2 - 9*n - 5. Let r(c) = 5*h(c) + 6*m(c). What is the hundreds digit of r(3)?
1
Let d be (37/4)/((-5)/20). Let l = -78 + 136. Let a = l + d. What is the units digit of a?
1
Suppose 2*d = 3*d - 7. Suppose 16 = 3*a - d*a. Let p(u) = u**3 + 5*u**2 - 4. What is the units digit of p(a)?
2
Let f = -97 - -59. Let w = f - -47. What is the units digit of w?
9
Let a = 8 + -9. What is the units digit of 9/((-18)/172)*a?
6
Let g(w) = w**3 + w - 2. Let j be g(-4). What is the tens digit of ((-72)/84)/(1/j)?
6
Let n(m) = 2*m**2 - 6*m + 10. Let u be n(4). Suppose 3*t = 12 + u. Suppose 3*p = 5*p - t. What is the units digit of p?
5
Let j = -3006 + 5280. What is the units digit of j?
4
Let r be (-2)/(-4) - (-22)/4. Suppose r*k - 8 = 10*k. Let y = k - -10. What is the units digit of y?
8
Let g(w) = 17*w - 55. What is the tens digit of g(17)?
3
Let h be 3 - (-33)/(-9) - (-2956)/6. Suppose 258 = 10*p - h. What is the tens digit of p?
7
Let l = 2220 + -1698. What is the tens digit of l?
2
Let u be (10/4 + -2)/(20/(-240)). Let d = 39 - u. What is the tens digit of d?
4
Let f = -1285 + 5558. What is the hundreds digit of f?
2
Let s(y) = -y**2 + 4*y + 6. Let p be s(7). Let f(o) = o**2 + 10*o + 2. What is the tens digit of f(p)?
7
Let s(o) = -279*o**3 + 11*o**2 + 23*o - 2. What is the hundreds digit of s(-2)?
2
Let u = -14 - -11. Let o be (3/u*-64)/(-1). Let m = o + 91. What is the units digit of m?
7
Let a(o) be the third derivative of o**6/120 + o**5/5 - o**4/6 - 3*o**3 - 34*o**2. What is the hundreds digit of a(-11)?
1
Let u(n) = -n**2 + 8*n + 12. Let s(g) = g**2 - 9*g - 13. Let b(t) = -4*s(t) - 5*u(t). What is the units digit of b(8)?
4
Suppose -5*w = -9*w + 48. What is the tens digit of (w/(-6))/((-1)/32)?
6
Suppose 0 = -3*o - 4*k - 1 - 11, 0 = -o + 2*k + 6. What is the units digit of (-2 - o)*784/(-4 - 3)?
4
Suppose -4*l + 301 = -155. Suppose 7*d = 5*d + l. What is the units digit of d?
7
Suppose -5*p + b = -p - 12828, 0 = 3*b + 12. What is the tens digit of p?
0
Suppose -173 = 2*f - 303. What is the tens digit of f?
6
Let d = 136 + -7. What is the tens digit of d?
2
Suppose -2*b + 18 = 7*b. Suppose 702 = b*h + 44. What is the tens digit of h?
2
Suppose -4*p - 397 + 2993 = 0. What is the units digit of p?
9
Let n = 659 + -465. Suppose -5*p = -0*s - s - 225, n = 4*p + 2*s. Suppose -2*q = 3*o - p, 2*q = o - 2*q - 20. What is the units digit of o?
6
Let t = 14 + -7. Let y(v) = 2*v + 4. Let n be y(t). What is the units digit of 10/45 - (-392)/n?
2
Let a = 129 - 129. Suppose a = 8*v - 18 - 502. What is the tens digit of v?
6
Let s be -160*(-4 - 5/(-2)). Suppose 0 = 4*v + h - 248, -h = 4*v + 2*h - s. What is the tens digit of v?
6
Let x = -373 - -373. Suppose 4*i = -2*d + 4, i = -d - 3 + 4. Suppose -w + i + 4 = x. What is the units digit of w?
5
Let h = 23 - -4. Suppose t = 2*t - h. Let g = -11 + t. What is the units digit of g?
6
Suppose 0*m + 4 = -h - 3*m, -6 = -h + 2*m. Suppose h*q - 3*x - 256 = -0*q, 0 = -4*q + 4*x + 508. What is the tens digit of q?
2
Suppose -2*d = -8, 5*y + 2*d = 4*y - 172. Suppose 0 = 5*w - 2*w. What is the units digit of w + 3 + y/(-5)?
9
Suppose 3*n - 4 = 2*n. Let o = 7 - n. Let p = o + 8. What is the tens digit of p?
1
Suppose 20 = 5*l, -4*g + 4*l + 4 = -9*g. Let r be 24/18 + g/(-6). Suppose 0 = f - 3*f - r*i + 28, -5*i = 3*f - 42. What is the units digit of f?
4
Let v(h) = -4*h + 3 - 2*h**2 + 3 - 13. Let r be v(-3). Let t = -2 - r. What is the tens digit of t?
1
Let n(o) = -2*o**3 - 65*o**2 - 77*o - 77. What is the tens digit of n(-32)?
6
Let d(x) = -8*x**2 + 4. Let s be d(3). Let u = s + 35. What is the units digit of (-1)/(1 + 36/u)?
1
Suppose -3*r = 3*b + 3, b + 25 = 4*b - 4*r. Suppose n + 4*n = 3*w + 530, -b*n + 324 = -3*w. What is the units digit of n?
3
Suppose -3*x - 2*x - 20 = 0. Let p be 1134/45 - (-4)/(-20). Let r = x + p. What is the units digit of r?
1
Suppose -1663 = -4*g + 4*h + 2753, -3319 = -3*g - 4*h. What is the hundreds digit of g?
1
Let m = -482 - -2270. What is the hundreds digit of m?
7
Suppose v - 5*v + 1674 = 5*o, -4*o + 5*v = -1372. What is the units digit of o?
8
Suppose 2*i = -3*d + 9 - 1, 5*d - 7 = 3*i. Suppose -5 = -3*l + i. Suppose -29 = -l*f - 5. What is the tens digit of f?
1
Suppose 20*k = 23*k - 240. Suppose k*s + 474 = 82*s. What is the hundreds digit of s?
2
What is the tens digit of 17 - -449 - (-1 + 5)?
6
Suppose -5*s = k + 18, 0 = 2*k + 2*k - 5*s + 97. Let t = 126 + k. What is the hundreds digit of t?
1
Suppose 0 = -14*u + 18*u - 20. Suppose -2*l - u*s = 8, l - 5*l + 2*s + 32 = 0. What is the tens digit of (2 - l/2) + 36?
3
Let i(t) = -54*t**3 - 21*t**2 + 9*t. What is the thousands digit of i(-5)?
6
Suppose 28*o - 20745 = 39651. What i